o + 5 = 0. Suppose -f*i + 4 = -i. Calculate the highest common divisor of 5 and i.
1
Let c = 140 - 62. What is the highest common factor of c and 6?
6
Suppose -2*v + 6 = -210. Calculate the greatest common divisor of v and 12.
12
Suppose 4*g + 2*t - 58 - 16 = 0, 2*g + 4*t = 22. Calculate the highest common factor of 21 and g.
21
Let a(q) = -q + 6. Let s be a(-3). Suppose 0*f = -5*f - 320. Let c = f - -136. Calculate the greatest common divisor of c and s.
9
Suppose -2*n + 3 = n. Let u be -1*(0 + -1 + -3). What is the highest common factor of n and u?
1
Suppose 2*n + y = -2*n + 69, 4*n = 3*y + 81. What is the greatest common divisor of n and 45?
9
Let s = -6 + 9. Suppose 5*y + 0*y + 3*h = 21, 4*y = -h + 14. Calculate the highest common divisor of s and y.
3
Let s be (-22)/((28/(-10))/7). Calculate the greatest common divisor of 5 and s.
5
Suppose -5*o = -68 + 13. Let v = -100 + 199. What is the greatest common factor of o and v?
11
Let r be (5 - 2)*-1 + 7. What is the greatest common divisor of r and 36?
4
Let i = 2 - 1. Suppose 0 = 9*g + 45 - 126. Let t = g + i. Calculate the greatest common factor of t and 80.
10
Suppose 0 = u - 5*a + 7, -7 = -2*u - 3*a + 18. Let c = 5 + -1. What is the greatest common factor of c and u?
4
Let j be ((-5)/(-2))/((-5)/(-50)). What is the greatest common divisor of j and 5?
5
Let i be ((-345)/(-46))/(1/2). What is the greatest common divisor of 30 and i?
15
Let j(y) = 49*y - 2. Suppose 20 = -0*a + 2*a. Suppose 4*c + 2 - a = 0. Let n be j(c). Calculate the highest common divisor of n and 12.
12
Let n(y) = y - 19 - 2*y + 7. Let p be n(-13). Calculate the greatest common factor of p and 1.
1
Suppose 5*f - 4*f = 12. Suppose -5*x - f = j, x - 2*j = -0*x + 2. Let z be 10 + (x + 0)*-1. What is the greatest common divisor of 4 and z?
4
Let n = 44 + -28. What is the highest common factor of n and 144?
16
Suppose -o - 2*q = 27, -o = -4*o - 4*q - 71. Let y = 31 + o. Let n = -9 + y. What is the greatest common divisor of 10 and n?
5
Suppose z = 2*z - 5. Let o(m) be the first derivative of m**2/2 + 6*m - 1. Let q be o(z). Calculate the highest common factor of q and 22.
11
Suppose 0 = -s + 18 - 4. Suppose 2*q - 25 = 7*q, 3*v - 2*q = -s. Let i be 2*17 + (-6 - v). What is the highest common divisor of 9 and i?
9
Suppose -3*t - 50 = 34. Let i be 204/21 + (-8)/t. Suppose -135 - 65 = -2*q. Calculate the greatest common factor of i and q.
10
Suppose -636 = -9*t + 4*t + z, -8 = -2*z. Suppose 5*p - t = p. Calculate the highest common factor of 80 and p.
16
Let f(z) = 28*z + 7. Let t be f(5). What is the greatest common divisor of t and 21?
21
Suppose 4*d = d + 66. What is the highest common factor of d and 55?
11
Let b(u) = -u**2 - 4*u. Let g be b(-2). Suppose -m = 4*x - 9, 0 = 5*m + g*x + 5 - 18. What is the greatest common divisor of 3 and m?
1
Let i = -65 + 92. What is the highest common factor of i and 216?
27
Let o be (-2)/(-4)*7*(-2 - -8). What is the highest common divisor of o and 21?
21
Let r(t) = 2*t - 4. Let o be r(-4). Let c = 20 + o. What is the highest common divisor of 88 and c?
8
Let k(y) = -48*y. Let q(m) = m**2 + 3*m - 6. Let n be q(-5). Let x be 24/(-14) - n/14. Let o be k(x). Calculate the highest common divisor of 12 and o.
12
Let x be (-3)/((-12)/(-4))*-11. What is the greatest common divisor of x and 11?
11
Let v be (126/5)/3 - 2/5. Let z(n) = n + 24. Let c be z(0). Calculate the greatest common factor of c and v.
8
Let q = 9 - 5. Suppose -q*v - 2 = n + n, -n - 5*v - 4 = 0. Calculate the highest common divisor of n and 9.
1
Let f(n) = n**2. Let d(y) = 6*y**2 + 2*y + 1. Let x(h) = d(h) - 5*f(h). Let p be x(2). What is the greatest common factor of p and 1?
1
Let l be 4*(-6 + 3)/(-3). Let s = 16 + l. What is the highest common divisor of s and 20?
20
Suppose -z = -v - 4, -3*z + v + 18 = 4*v. Calculate the greatest common divisor of 40 and z.
5
Let h(o) be the second derivative of -o**4/12 - 17*o**3/6 + o**2 - 3*o. Let x be h(-14). Calculate the greatest common divisor of x and 22.
22
Suppose 0 = -5*p + 36 - 6. Suppose d + 40 = p*d. Let j = 6 - -26. Calculate the greatest common factor of j and d.
8
Let v = 7 - 10. Let p be ((-12)/(-20))/(v/(-405)). What is the greatest common divisor of 9 and p?
9
Let v be (-10)/(-2) + (-4 - -2). Suppose -v*c + 170 = -c. What is the greatest common divisor of c and 34?
17
Suppose 2*s - n = 4, s - 4 = -s - 5*n. Suppose -s*i = 5 + 7. Let u = i - -20. What is the greatest common factor of 2 and u?
2
Suppose -4*w + 439 = d - 456, -5*w + 1105 = 4*d. What is the greatest common factor of 9 and w?
9
Suppose -b - 5*d = -7*d - 11, -d = -b + 7. Suppose -72 = -0*g - b*g. Calculate the greatest common divisor of g and 60.
12
Let n be 354/4 - (-3)/2. Suppose n = g + g. What is the greatest common factor of g and 30?
15
Suppose 4*b - 169 = 7. Let o(j) = -j**3 + 23*j**2 + 22. Let k be o(23). Calculate the greatest common factor of k and b.
22
Let b(d) = 5*d. Let h be b(6). Let n = -1 + -1. Let o(u) = -4*u - 2. Let z be o(n). Calculate the highest common divisor of z and h.
6
Let t be ((1 - 1) + 18)*1. Let d be (2 - 3)/((-2)/36). Suppose 0*i + 3*i = d. What is the highest common divisor of i and t?
6
Suppose -2*x = 2*r - 14, 0*x = -2*r + 2*x + 10. Let w(s) = -s**2 - 2*s - 1. Let z be w(-3). Let v = z + 8. What is the highest common factor of r and v?
2
Let b = -8 + 2. Let x be 22/6 - b/(-9). Let t be 1/2*2*x. Calculate the highest common factor of 3 and t.
3
Suppose 0 = -i + 13 + 35. Let r(s) = -s**3 + 6*s**2 + 6*s + 7. Let v be r(6). Let d = v + -11. What is the highest common divisor of d and i?
16
Suppose -199 = -3*r + 29. Suppose 164 = 5*t - r. Calculate the highest common factor of t and 16.
16
Suppose -5*k = 2*j - 56, -k - 5*j - 58 = -5*k. Calculate the greatest common divisor of 12 and k.
12
Let w(t) = t - 1. Let u be w(6). Let d = 59 + -54. Calculate the highest common factor of u and d.
5
Let z(k) = -k**3 - k**2 - k. Let j be z(-1). Let p = -67 + 47. Let f be (-18)/(-5) + (-8)/p. What is the greatest common factor of j and f?
1
Suppose -2*j = -5*j + 12. Suppose -4*u + 28 + 42 = 5*d, -j*d = -4*u - 92. What is the highest common factor of d and 27?
9
Suppose 5*x - 2*u - 1371 = 0, -2*x - 815 = -5*x + 5*u. Suppose -3*w + 63 = -3*g, 3*w - 5*g - 59 = -g. Calculate the greatest common factor of x and w.
25
Suppose 4*i + i + 5*z = 0, 21 = 3*i - 4*z. Suppose 0*m - i*m - 30 = 0. Let n be m*7*3/(-3). Calculate the highest common divisor of n and 7.
7
Let n be -3 + (-9)/(-3) - -28. Calculate the highest common divisor of 28 and n.
28
Let o be (-2 - 7)/3 - -5. Let y = 3 - o. Let f be y*((-2 - 1) + 8). What is the greatest common divisor of 20 and f?
5
Let j(q) = q**2 + 11*q - 8. Let i be j(-12). What is the highest common factor of 2 and i?
2
Suppose 4*j - 317 = 75. Calculate the greatest common divisor of 14 and j.
14
Let r = -5 + 10. Suppose a - 17 + r = 0. What is the highest common divisor of 84 and a?
12
Let j = -8 + 14. Suppose -j = -2*k - 0. Suppose 2*z - k - 3 = 0. What is the highest common factor of 3 and z?
3
Suppose 2*c = 10, -5*n - 5*c - 5 = -10*c. Suppose 2*l + 2 - n = 0. Suppose a - 3*a = -2. Calculate the greatest common divisor of l and a.
1
Let f(r) = 3*r + 3. Let q be f(4). Let o = 3 - q. Let a be o/(((-16)/10)/4). Calculate the highest common factor of a and 6.
6
Let h(a) = -a**3 + 4*a**2 + 1. Let z be h(4). Suppose f - 2 + 1 = 0. Suppose 0 = -0*v - v + f. Calculate the greatest common factor of v and z.
1
Suppose -55 - 77 = -4*d. Let n(y) = y**2 + 4 - 19 - 7*y**2 - y**3 - 3*y. Let j be n(-6). Calculate the highest common factor of d and j.
3
Let a be 84/2*1/(-2). Let y = 3 + a. Let o be (0 - -4)*y/(-4). Calculate the highest common factor of o and 12.
6
Suppose 28 + 4 = 5*u - 3*a, 4*u - 36 = 5*a. Let w be (19/u)/(2/8). Calculate the highest common factor of w and 171.
19
Suppose 4*x - 672 = -0*x. What is the highest common divisor of 24 and x?
24
Suppose u - 40 = -0*u. Let s = u - 24. What is the highest common factor of s and 40?
8
Let z = -2 - 7. Let f(y) = -2*y - 6. Let v be f(z). What is the greatest common factor of v and 30?
6
Suppose -b - 8 = -3*b. Suppose -4*v + b*p = -60, -v = -5*v - p + 35. What is the highest common factor of v and 20?
10
Suppose 4*n - 34 = n - 